z + 9 = -r. Suppose -4*u + r + 42 = 0. What is the greatest common divisor of u and 60?
12
Suppose 0 = v + 3*h - 21, -h + 1 - 50 = -2*v. Calculate the greatest common factor of 60 and v.
12
Suppose 5*c + 0*f - 3*f - 38 = 0, 5*f = 20. Suppose x - c + 0 = 0. What is the greatest common factor of x and 80?
10
Suppose -r - 4*j + 3 = 6, 5*j - 6 = 2*r. Let z be 2 - (522/3)/r. What is the greatest common factor of 10 and z?
10
Suppose -3*d = 5*h - d - 1581, 2*h = 4*d + 618. Suppose 0 = 2*n - 35*n - 363. Let s be 7/((-6 - n)/25). What is the highest common divisor of s and h?
35
Let n = -165 + 232. Suppose n = g - 17. Calculate the highest common factor of 12 and g.
12
Let p = 78 + -70. What is the highest common divisor of p and 248?
8
Let j = 26 - 38. Let p = j - -66. Suppose p = 3*c + 9. What is the highest common divisor of 15 and c?
15
Let y = -212 - -215. Calculate the highest common factor of 48 and y.
3
Suppose 255*n = 246*n + 2394. What is the highest common divisor of n and 77?
7
Let g be (-12)/((-24)/94) - 3*1. Calculate the highest common divisor of g and 8.
4
Let r = 127 - 84. Let l = r + -28. Calculate the greatest common factor of 6 and l.
3
Suppose -16*y + 25*y = 891. What is the highest common factor of y and 117?
9
Let g = 154 + -149. Let u(w) = -w**3 - 8*w**2 + 16*w + 15. Let j be u(-10). What is the greatest common divisor of g and j?
5
Suppose -4*f = -16, -5*f = g + g - 306. Suppose -4*d = -d. Suppose d = -5*x + 29 + 36. What is the greatest common factor of g and x?
13
Let g(h) = 22*h - 24. Let t be g(2). Let j be (-4)/6 - (-62)/3. Calculate the highest common factor of j and t.
20
Suppose 0 = -3*a, -4*u - 3*a = -9*u + 350. Calculate the highest common divisor of u and 56.
14
Let c = -17 + 36. Suppose -h - 5*k = -11, -h + 2*k = -k - c. Let l(a) = -48*a. Let f be l(-3). Calculate the greatest common factor of f and h.
16
Let d = 543 - 499. What is the greatest common factor of d and 1?
1
Suppose -k + 2*k = 5*o + 37, 2*k - 2*o = 114. What is the highest common divisor of 155 and k?
31
Let p(k) = -k**2 - 14*k - 39. Let j be p(-5). What is the highest common divisor of j and 138?
6
Suppose 0 = -8*s - 2*s + 380. What is the greatest common factor of s and 171?
19
Let d be (-6)/((21/2)/(-7)). Let i = -96 - -140. Calculate the greatest common factor of d and i.
4
Suppose -2*g - 112 = -124, 0 = -t - 3*g + 36. Let q be 2/5 - 628/(-5). Calculate the highest common divisor of t and q.
18
Let y(c) = -c**2 - 7*c + 10. Let h be y(-8). Suppose -t + h = -4. Let g be (t/2)/(-6)*-60. Calculate the highest common factor of g and 6.
6
Let s = 688 + -682. Calculate the highest common divisor of 174 and s.
6
Let x be (6 - 11)/(5/(-2)). Let y(r) = -r**3 - 9*r**2 + 8*r + 1. Let q be y(-10). Suppose x - q = -j. What is the highest common factor of 19 and j?
19
Let n be ((2 - -1) + -1)/((-124)/2294). Suppose -3*q = o + o - 84, -5*q = -5*o - 115. Let z = q - n. What is the greatest common factor of z and 7?
7
Let v(q) = 229*q**2 - 20*q - 18. Let b be v(-1). What is the highest common factor of 539 and b?
77
Let x be 2800/(-24)*3/(-2). Suppose 124 = 3*c - 2*z - 3*z, 2*z = 5*c - x. What is the highest common divisor of c and 99?
33
Suppose -10*t - 5*t + 120 = 0. What is the greatest common divisor of t and 12?
4
Suppose 0 = 4*s - 0*s - 216. Let u be ((12/(-9))/(-4))/((-27)/(-6561)). Calculate the greatest common factor of u and s.
27
Let n be (-64)/48*6*-1. Suppose -3*k + 6*c - 2 = n*c, 5*k - 18 = 2*c. Calculate the highest common factor of 32 and k.
2
Let h = -5 + 13. Suppose -10 + 1 = -w + t, 3*t + 22 = 2*w. Let k = h - w. Calculate the highest common divisor of 12 and k.
3
Let b = 376 - 354. What is the highest common factor of b and 682?
22
Let z = -6 - -8. Let s(p) = 33*p**z + 7*p**2 - 3*p**2 - 4*p**2. Let r be s(-3). What is the greatest common factor of 27 and r?
27
Suppose 82 = l + 3*q, 0 = -8*q + 9*q + 3. Let u = l - -137. What is the highest common factor of u and 12?
12
Suppose -3*r + 695 = -46. Let y(i) = 16*i + 6. Let d be y(-11). Let h = d + r. What is the greatest common divisor of 7 and h?
7
Suppose -5*z - 3*t = -4*t - 1042, 0 = -z - t + 212. Let i = 26 + -7. What is the highest common divisor of i and z?
19
Let l(x) = -2*x**2 - 30*x**3 + 3 + 8*x**3 - 23*x - 7*x**3 + 25*x. Let a be l(-1). Calculate the highest common divisor of a and 7.
7
Let d be (-3)/2*(-1 + -15). Let a(k) = -k**2 + 137*k - 2126. Let b be a(18). Calculate the highest common divisor of b and d.
8
Let q = -10 + 66. Suppose 3*k + q = 2*b + 2*k, 5*b + k = 147. Let l(u) = 115*u**3 + u**2. Let v be l(1). Calculate the greatest common divisor of v and b.
29
Let t(n) = -n + 1. Let w(f) = -37*f - 3. Let s(i) = -4*t(i) - w(i). Let b be s(2). Let k be 9/(-1)*(0 - 5/5). What is the highest common factor of k and b?
9
Suppose 3*b - 4964 + 1418 = 0. Let z = -842 + b. Suppose -2*q = 3*q - z. Calculate the greatest common factor of 17 and q.
17
Suppose 2*q - 5*q + 3*p + 27 = 0, 0 = -3*q + 5*p + 29. Suppose 3*d = -y - 0*d + 44, -5*d = 5*y - 260. Calculate the highest common divisor of y and q.
8
Let k = 1470 + -1386. Calculate the greatest common factor of k and 63.
21
Let n = 25 + -25. Let p(u) = u**3 + 3*u + 2. Let r be p(n). What is the greatest common factor of 1 and r?
1
Suppose -5*r = 4*j + 41 - 216, 2*j = -4*r + 134. Calculate the highest common factor of 62 and r.
31
Let i = 1 + 15. Let y be (-32)/(-6)*(-264)/i. Let t be (y/(-12))/(1/15). Calculate the highest common factor of 10 and t.
10
Let m = 1199 + -1106. Calculate the highest common factor of m and 1488.
93
Let d be (18/10)/(516/8600). Suppose b - 6*b = -1650. What is the greatest common divisor of d and b?
30
Suppose -t + 0 = -3. Let n(b) = -2*b**3 + b**2 + 2*b + 2. Let u be n(-1). Suppose -7*z + u = -6*z. What is the highest common factor of z and t?
3
Let q(j) = j**2 + 24*j + 85. Let t be q(-3). What is the highest common divisor of t and 550?
22
Suppose -33*n = -841 + 181. What is the greatest common divisor of 110 and n?
10
Let g(t) = -4*t**2 - 68*t + 16. Let o be g(-9). Calculate the highest common divisor of o and 16.
16
Let w = 5 + -2. Suppose -2*t = w*l - t - 6, 0 = 3*l + 4*t - 6. Let z be (-4*2/(-3))/((442/156)/17). Calculate the highest common factor of l and z.
2
Let o be ((-16)/2)/(15/10 - 2). Let g be 1*13 + o/16. Let h(j) = -j**3 - j**2 + 8*j + 8. Let i be h(-6). Calculate the greatest common factor of g and i.
14
Suppose -154*p + 153*p = -5. Suppose 89 = p*j - d - 30, 3*d + 12 = 0. Let w be -4*23*(0 - 1). What is the greatest common factor of j and w?
23
Suppose 10098 = -0*m + 18*m. What is the highest common factor of 99 and m?
33
Let s be (-1)/3 + 115/3. Let u = s + -6. Let p = -106 - -114. What is the greatest common factor of u and p?
8
Suppose 2*d + 2 = 3*d. Suppose 3*o - 84 = d*o. Calculate the greatest common factor of o and 12.
12
Let t be (-6)/((-4)/16*-4). Let z(n) = n**3 + 10*n**2 + 11*n - 6. Let h be z(t). Calculate the highest common divisor of h and 36.
36
Let h be ((-1)/(-1)*-3)/(-1). Suppose -207*w + 137 = -684 - 7. What is the greatest common factor of w and h?
1
Suppose -126 = -4*g + 3*b, 66*g - 65*g = b + 32. What is the highest common factor of g and 35?
5
Let a(h) = h**2 + 6*h - 31. Let g be a(5). Let b = 151 - 103. Calculate the highest common divisor of g and b.
24
Let t = 1 + 1. Suppose 4*c = 7 + 1. Suppose c*s - 16 = -3*n, -4*s + 39 - 7 = -4*n. Calculate the highest common factor of t and s.
2
Suppose -3*l + 4*a = -1131, -5*l + 6*l - 377 = -4*a. What is the greatest common divisor of l and 52?
13
Let h(q) = -2*q**3 + 11*q**2 + 2*q + 4. Let g be h(5). Suppose -v + g = 3*t, 8 = t + 3. Calculate the greatest common factor of v and 6.
6
Suppose -21*i - 45 = -30*i. Let u be (5 + -3)/1 + 3. Calculate the highest common divisor of u and i.
5
Let x(w) = 2*w - 4. Let b be x(-2). Let i be 42/b*(-4)/3. Suppose -4*m + j + 44 = 0, j + 27 = 2*m + i. Calculate the highest common factor of 60 and m.
12
Let m be (-4)/24 - 105/18. Let u be (m/4)/(2/28). Let o = u + 35. What is the highest common factor of o and 42?
14
Let j be (3/(-4))/((-1)/(-16)). Let m be (1 - 2)*j*1. Let i be ((-48)/(-7))/(8*(-1)/(-56)). What is the highest common divisor of m and i?
12
Let l(f) = -55*f - 137. Let n be l(-3). W